s of 2305374.
2, 3, 223, 1723
List the prime factors of 157331.
131, 1201
List the prime factors of 1521154.
2, 97, 7841
List the prime factors of 475999.
367, 1297
List the prime factors of 69124.
2, 11, 1571
List the prime factors of 17649.
3, 37, 53
What are the prime factors of 52250?
2, 5, 11, 19
List the prime factors of 319296.
2, 3, 1663
What are the prime factors of 15967794?
2, 3, 17, 37, 4231
What are the prime factors of 124887?
3, 7, 19, 313
List the prime factors of 179846.
2, 89923
List the prime factors of 792474.
2, 3, 269, 491
What are the prime factors of 1954362?
2, 3, 307, 1061
What are the prime factors of 5726189?
7, 137, 853
List the prime factors of 5996675.
5, 23, 10429
List the prime factors of 457913.
457913
List the prime factors of 29957.
29, 1033
List the prime factors of 168639.
3, 67, 839
List the prime factors of 251238.
2, 3, 13, 3221
List the prime factors of 50948.
2, 47, 271
What are the prime factors of 973509?
3, 324503
What are the prime factors of 994038?
2, 3, 165673
List the prime factors of 4590607.
7, 103, 6367
List the prime factors of 517723.
137, 3779
What are the prime factors of 411324?
2, 3, 151, 227
List the prime factors of 4756179.
3, 1585393
List the prime factors of 1797752.
2, 11, 31, 659
What are the prime factors of 208747?
7, 11, 2711
List the prime factors of 476008.
2, 13, 23, 199
What are the prime factors of 106890?
2, 3, 5, 7, 509
What are the prime factors of 5975380?
2, 5, 109, 2741
List the prime factors of 2674066.
2, 17, 78649
List the prime factors of 9294731.
2741, 3391
What are the prime factors of 1301887?
1301887
List the prime factors of 1478361.
3, 179, 2753
What are the prime factors of 704628?
2, 3, 23, 37
List the prime factors of 402081.
3, 101, 1327
List the prime factors of 15241164.
2, 3, 1270097
List the prime factors of 5292301.
7, 756043
What are the prime factors of 2960850?
2, 3, 5, 19739
List the prime factors of 254212.
2, 7, 1297
List the prime factors of 1294887.
3, 11, 39239
List the prime factors of 637500.
2, 3, 5, 17
What are the prime factors of 1084058?
2, 631, 859
List the prime factors of 7667387.
7, 13, 109, 773
What are the prime factors of 336087?
3, 107, 349
List the prime factors of 581691.
3, 11, 17627
List the prime factors of 814807.
7, 43, 2707
What are the prime factors of 6053042?
2, 3026521
List the prime factors of 16857546.
2, 3, 1151, 2441
What are the prime factors of 30253844?
2, 29, 260809
What are the prime factors of 811749?
3, 270583
List the prime factors of 1790836.
2, 73, 6133
What are the prime factors of 7996651?
13, 67, 9181
What are the prime factors of 122722?
2, 43, 1427
What are the prime factors of 29045720?
2, 5, 11, 251, 263
List the prime factors of 907107.
3, 83, 3643
What are the prime factors of 107360?
2, 5, 11, 61
What are the prime factors of 15232494?
2, 3, 2538749
List the prime factors of 45006.
2, 3, 13, 577
What are the prime factors of 61152?
2, 3, 7, 13
What are the prime factors of 6227617?
11, 139, 4073
What are the prime factors of 374340?
2, 3, 5, 17, 367
List the prime factors of 13793176.
2, 1724147
List the prime factors of 961863.
3, 7, 163, 281
List the prime factors of 103219.
233, 443
List the prime factors of 9515458.
2, 809, 5881
List the prime factors of 501510.
2, 3, 5, 73, 229
List the prime factors of 947029.
73, 12973
List the prime factors of 558672.
2, 3, 103, 113
List the prime factors of 32323529.
7, 251, 18397
What are the prime factors of 4381645?
5, 876329
What are the prime factors of 271739?
13, 20903
List the prime factors of 286481.
13, 22037
List the prime factors of 3566877.
3, 41, 47, 617
What are the prime factors of 1932934?
2, 17, 139, 409
List the prime factors of 2538092.
2, 634523
List the prime factors of 26567.
31, 857
List the prime factors of 9844483.
11, 23, 167, 233
List the prime factors of 2288941.
29, 78929
List the prime factors of 967936.
2, 19, 199
List the prime factors of 816741.
3, 90749
What are the prime factors of 2946843?
3, 19, 907
List the prime factors of 602457.
3, 409, 491
List the prime factors of 107156.
2, 7, 43, 89
List the prime factors of 12300990.
2, 3, 5, 13, 31541
List the prime factors of 295688.
2, 23, 1607
List the prime factors of 1568466.
2, 3, 79, 1103
List the prime factors of 71019.
3, 13, 607
List the prime factors of 8119857.
3, 79, 34261
List the prime factors of 529899.
3, 173, 1021
List the prime factors of 4693251.
3, 1564417
List the prime factors of 106398.
2, 3, 23, 257
What are the prime factors of 687766?
2, 31, 11093
What are the prime factors of 7726429?
661, 11689
List the prime factors of 150005.
5, 19, 1579
What are the prime factors of 2690811?
3, 17, 43, 409
What are the prime factors of 3412268?
2, 683, 1249
List the prime factors of 10696473.
3, 263, 4519
What are the prime factors of 920365?
5, 184073
List the prime factors of 263965.
5, 13, 31, 131
What are the prime factors of 261360?
2, 3, 5, 11
What are the prime factors of 235132?
2, 29, 2027
What are the prime factors of 435801?
3, 145267
What are the prime factors of 11945246?
2, 53, 112691
List the prime factors of 296218.
2, 13, 11393
List the prime factors of 41200.
2, 5, 103
List the prime factors of 531252.
2, 3, 4919
What are the prime factors of 810859?
7, 115837
List the prime factors of 660892.
2, 17, 9719
What are the prime factors of 19510934?
2, 17, 573851
List the prime factors of 2615330.
2, 5, 23, 83, 137
List the prime factors of 355813.
19, 61, 307
What are the prime factors of 85515?
3, 5, 5701
What are the prime factors of 15998661?
3, 7, 84649
What are the prime factors of 187669?
187669
List the prime factors of 60310.
2, 5, 37, 163
List the prime factors of 8084.
2, 43, 47
List the prime factors of 4676370.
2, 3, 5, 97, 1607
List the prime factors of 155903.
11, 14173
What are the prime factors of 6689269?
421, 15889
What are the prime factors of 229793?
23, 97, 103
List the prime factors of 1380760.
2, 5, 34519
List the prime factors of 3454608.
2, 3, 71971
List the prime factors of 274250.
2, 5, 1097
What are the prime factors of 12873105?
3, 5, 7, 40867
What are the prime factors of 1141887?
3, 380629
What are the prime factors of 4265355?
3, 5, 284357
What are the prime factors of 1578?
2, 3, 263
What are the prime factors of 118333?
73, 1621
What are the prime factors of 5843773?
13, 19, 59, 401
List the prime factors of 428301.
3, 29, 547
List the prime factors of 4688917.
911, 5147
List the prime factors of 2196529.
2196529
List the prime factors of 3134332.
2, 487, 1609
What are the prime factors of 195804?
2, 3, 7, 37
What are the prime factors of 1779626?
2, 37, 24049
List the prime factors of 2318028.
2, 3, 29, 6661
List the prime factors of 727546.
2, 363773
What are the prime factors of 186566?
2, 93283
List the prime factors of 1617152.
2, 6317
What are the prime factors of 9569487?
3, 17, 187637
List the prime factors of 1849246.
2, 7, 23, 5743
What are the prime factors of 3044873?
13, 43, 419
List the prime factors of 19922949.
3, 737887
What are the prime factors of 19730070?
2, 3, 5, 219223
What are the prime factors of 8556967?
17, 503351
List the prime factors of 2466116.
2, 616529
What are the prime factors of 419928?
2, 3, 17497
List the prime factors of 18486347.
11, 37, 53, 857
List the prime factors of 1348796.
2, 449, 751
What are the prime factors of 16986601?
16986601
List the prime factors of 682799.
13, 53, 991
What are the prime factors of 20374?
2, 61, 167
List the prime factors of 2988333.
3, 79, 467
List the prime factors of 6129297.
3, 227011
List the prime factors of 149041.
103, 1447
What are the prime factors of 134185?
5, 47, 571
List the prime factors of 886214.
2, 7, 9043
What are the prime factors of 14234814?
2, 3, 11, 17, 4229
What are the prime factors of 4118133?
3, 31, 44281
List the prime factors of 99089.
99089
List the prime factors of 3863095.
5, 772619
What are the prime factors of 310675?
5, 17, 43
What are the prime factors of 454054?
2, 227027
List the prime factors of 14921311.
113, 132047
What are the prime factors of 3253261?
11, 295751
List the prime factors of 3881443.
3881443
What are the prime factors of 3459474?
2, 3, 192193
List the prime factors of 8